j + k, -3*c = 4*j - 43. List the prime factors of j.
13
Suppose 0 = p + 5*b - 1454, -2*b + 1448 = 2*p - p. List the prime factors of p.
2, 19
Let s be (-6)/(-2) + 1 + -1. Suppose s*f = -2*f - 3*u + 50, -2*f + 3*u = 1. Suppose 3*d = f*d - 116. What are the prime factors of d?
29
Suppose -2*h + 5*z = -2 + 18, 0 = 3*z - 6. Let r(d) = -13*d - 17. List the prime factors of r(h).
2, 11
Let m(k) = 3*k + 16. Let t be m(-7). Let i be -1 - -15 - (2 + t). Suppose i + 25 = c. What are the prime factors of c?
2, 3, 7
Suppose -9*l = 32*l - 79991. What are the prime factors of l?
1951
Suppose 8*l + 375 - 111 = 0. Let k = l + 113. List the prime factors of k.
2, 5
Suppose 63*r + 47058 = 85*r. What are the prime factors of r?
3, 23, 31
Let y be (1 - -5)/(4/(-14)). Suppose 18 = -a - 3*b, -b + 3 - 37 = 5*a. List the prime factors of (y/4)/(a/16).
2, 7
What are the prime factors of 29/116 + (-30475)/(-20)?
2, 3, 127
Let r = -4677 + 9479. List the prime factors of r.
2, 7
Let h(t) = 7*t**2 + 28*t - 74. What are the prime factors of h(3)?
73
Suppose 40*z = 12482 + 141798. What are the prime factors of z?
7, 19, 29
Let y(s) be the first derivative of -3*s**4 - s**2 - s - 8. What are the prime factors of y(-1)?
13
Let f(q) = -q - 41. Let p be f(0). Let y = 545 - 536. Let s = y - p. What are the prime factors of s?
2, 5
Let k(l) = -l + 1. Let b(o) = -2*o**2 + 11*o - 11. Let y(w) = -b(w) - 5*k(w). What are the prime factors of y(4)?
2, 7
Let t be (-16)/(-72) + (-2002)/18. Let u = 181 + t. What are the prime factors of u?
2, 5, 7
Suppose 10*b - 8*b - 4 = 0. List the prime factors of (-2489)/19*(2 - 4)/b.
131
List the prime factors of 1162/(-10 + 19 + -8).
2, 7, 83
Let f(q) = -7*q - 2. Suppose t + 4 = -0*n - n, 3*t = 4*n + 9. List the prime factors of f(n).
19
Suppose -2*o + 31 = 3*r + 9, 4*o = -4. Suppose 4*c + 224 = r*c. What are the prime factors of c?
2, 7
Let q = -44 + 19. Let t be 46 + -1 + (-1)/1. Let x = t + q. List the prime factors of x.
19
Let n = 71 + 97. Let r be 2/(n/(-44) + 4). Let y = 34 - r. List the prime factors of y.
23
List the prime factors of (4 + -376)/((-27)/36).
2, 31
Suppose 0 = 5*r - 8 - 12. Suppose -4*u = -b - 7 + 57, -r*b + 162 = 3*u. What are the prime factors of b?
2, 3, 7
List the prime factors of (280/(-90))/((-4)/126).
2, 7
Suppose -7*w + 2*w + 2*b + 1993 = 0, w = 2*b + 405. List the prime factors of w.
397
Suppose 6*b - 4*b + 8 = x, 3*b = x - 13. Let c be -1 - x/(2/9). Let k(r) = r**3 - 6*r**2 - 6*r - 18. List the prime factors of k(c).
2, 31
Let p = -4 + 7. Suppose p*n = 2*a - 2, 4*a = 3*a + 3*n - 2. Suppose 37 = -0*b + 3*b + a*w, -b + 5*w = -6. What are the prime factors of b?
11
Suppose -757 = -7*w + 797. What are the prime factors of w?
2, 3, 37
Let p = 9 + -5. Suppose -5*q - 27 - 144 = -2*m, -2*q = -p*m + 318. What are the prime factors of m?
2, 3, 13
List the prime factors of 10629/(-27)*4/(16/(-36)).
3, 1181
Let k be 674/3*((-46)/(-4) + -4). Suppose -709 = -14*s + k. What are the prime factors of s?
3, 19
Let c = 90 - 30. Suppose 0 = u - 6*u + c. Suppose -t + u = -5. What are the prime factors of t?
17
Let o(y) = y**2 - 13*y - 7. Let x be o(12). Let q = 101 + x. What are the prime factors of q?
2, 41
Suppose -21*o - 4127 + 29264 = 0. List the prime factors of o.
3, 7, 19
Let f = -5 - -10. Suppose 0 = b + 3*h - 125, -3*h - 368 = -f*b + 221. List the prime factors of b.
7, 17
Suppose 29 = -6*v - 139. Let u = v - -56. What are the prime factors of u?
2, 7
Suppose -3*a + 3 = j, -j + 3 + 1 = 2*a. What are the prime factors of j?
2, 3
Let s(p) = 22*p + 6. Let u be s(4). Suppose 106 + u = 8*t. Suppose o = -c + 63, -3*o + 3*c + t + 146 = 0. What are the prime factors of o?
2, 3, 5
Let l = -18 + 13. Suppose 8*d - 16*d = -32. Let o = d - l. What are the prime factors of o?
3
Let i = 468 + 110. What are the prime factors of i?
2, 17
Suppose -h + 2157 = 2*h - 2*c, -3*h + 3*c = -2160. What are the prime factors of h?
3, 239
Let c(s) = s**3 + 27*s**2 + 14*s + 48. What are the prime factors of c(-24)?
2, 3, 5
Let t be 18/4*28/6. Let s(j) = -j + 30. List the prime factors of s(t).
3
Let b be (-1 - -2)/(5/25). Suppose -5*u + 2*h = -831, -86 - 238 = -2*u + b*h. Suppose -3*y + 1 = -u. What are the prime factors of y?
2, 7
Let f(x) = 2*x + 2 + 29 - 7. Let w be f(-10). Suppose -s + 8 - w = 0. What are the prime factors of s?
2
Suppose -2*g - 6 = -4*g. Suppose -1142 = -4*x - w, 0*x - 5*x = -g*w - 1419. List the prime factors of x.
3, 5, 19
Suppose -2*q = 3*k - 7957, -5*q - 2792 = -2*k + 2538. What are the prime factors of k?
3, 5, 59
Suppose -3*l = h - 1461 + 193, -l - 2*h = -426. Suppose 90*v - 88*v - l = 0. List the prime factors of v.
211
Suppose -2*r - 175 = -7*r. Let v = -10 + r. Let m = 1 + v. List the prime factors of m.
2, 13
Suppose -8*k - k + 3807 = 0. Suppose 5*z + k = 14*z. What are the prime factors of z?
47
Suppose -b + c + 2 = 0, -b + c + 2 = 2*c. Suppose -p - b*z + 212 = 0, 2*p + 0*z - 434 = -2*z. What are the prime factors of p?
2, 3, 37
Suppose i = 4*v - 26, -4*v + 5*i + 25 = v. Let r = v + 2. List the prime factors of r.
3
Let w = -68 - -240. Suppose -2*q + w = -18. List the prime factors of q.
5, 19
Suppose 16*y + 14400 = 28*y. Suppose -v = -7*v + y. What are the prime factors of v?
2, 5
Let k(p) = p**3 + 7*p**2 + 1. Let o be k(-4). Suppose 16 = -x + o. List the prime factors of x.
3, 11
Let r(c) = -398*c**3 - 11*c**2 - 20*c + 3. What are the prime factors of r(-2)?
3, 1061
Let s(r) = r**3 - 3*r**2 - 2*r - 2. Let m be s(4). Suppose 2*w = -3*b + 14, -5*b = 3*w - w - 18. What are the prime factors of -12*(-1)/m*w?
2
Let o = -3265 - -4373. What are the prime factors of o?
2, 277
Let d = -30 + 34. Suppose -67 = -2*b - p, 2*b + 0*b - d*p = 82. What are the prime factors of b?
5, 7
Let n(j) = -2*j + 14. Suppose -8*k + 71 - 15 = 0. Let g be n(k). Suppose 0 = -g*z + 2*z - 58. What are the prime factors of z?
29
Suppose 2*s = -q + 4*q - 1, 4*s + 57 = -5*q. Suppose 2*y = -y + 18. What are the prime factors of (y/(-8))/(s/32)?
3
Let g = -80 + 158. List the prime factors of g.
2, 3, 13
Suppose -2*u - w + 2163 = 0, -2*w - 4332 = -4*u + 2*w. What are the prime factors of u?
2, 541
What are the prime factors of (3/(-4))/(114/(-207784))?
1367
Let v = -832 + 2091. What are the prime factors of v?
1259
Let w be (-4 - -5)/(1/7). Let c be 2/(-6) - w/(-3). Suppose -c*m - 16 - 32 = -4*y, -58 = -5*y + 3*m. List the prime factors of y.
2, 7
Let k(x) = -19*x - 65. Let q be k(-13). Suppose -28 = -3*v + q. What are the prime factors of v?
2, 5, 7
Let f(b) = -3*b - 30. Let u be f(-20). Let o = 33 - u. List the prime factors of (o + (-14)/6)*42.
2, 7
Let k(g) = g**2 - 6*g + 3. Let v be k(6). Suppose v = u + 2. What are the prime factors of 3 + u*(0 + 4)?
7
Suppose 0 = -18*f + 14*f + 1020. List the prime factors of f.
3, 5, 17
Suppose p = 2*d - 50, -3*p + 4*d + 55 = 195. List the prime factors of (22/4)/((-12)/p)*6.
2, 5, 11
Let x(g) = -3*g**3 + g**2 - 6*g - 12. What are the prime factors of x(-7)?
2, 277
Let r(v) = v + 4. Let p be r(-4). Suppose -2*g + 16 = 2*b, p*b = 2*g + b - 11. Suppose 2*f = -2*f - 4*q + 52, -g*q - 51 = -2*f. List the prime factors of f.
2, 3
Let j be (-1)/(3*(-2)/(-12)). Let m = -2 + j. What are the prime factors of (-6)/m + 972/24?
2, 3, 7
Suppose -1208 - 16546 = -22*c. What are the prime factors of c?
3, 269
Let c = 664 + -516. List the prime factors of c.
2, 37
Let q = 125 - -344. List the prime factors of q.
7, 67
Let b be (8/(-10))/((-2)/10). Suppose 2*x = -2*q + 10, b*x + q - 8 = 3*q. List the prime factors of 53 - (x + -1 + -2).
53
Suppose -5347 - 12707 = -18*x. What are the prime factors of x?
17, 59
Suppose -5*d + b = -2155, -14*b - 422 = -d - 12*b. List the prime factors of d.
2, 3
What are the prime factors of (-8088)/(-4) + 0/(-5 + 2)?
2, 3, 337
Suppose p + 19*z - 24*z - 4879 = 0, 4*p - 19468 = -4*z. What are the prime factors of p?
3, 541
Let f be (-3)/(-6)*(-6 - -152). Suppose -n = 2*s - 395, -3*n = 4*s - 722 - f. What are the prime factors of s?
3, 5, 13
Let g(l) = -l**2 - 14*l - 7. Let y be g(-5). Let q = y - 26. List the prime factors of q.
2, 3
List the prime factors of 2/14 - (-11)/((-308)/(-136)).
5
Suppose 3836 = -38*c + 45*c. What are the prime factors of c?
2, 137
Let z = 727 + 70. List the prime factors of z.